8)). Let z(c) = -c - 1. Give z(a).
0
Suppose 3*u + 51 - 57 = 0. Let k(v) = -3*v**2 + 4*v - 12. Give k(u).
-16
Let f(a) = -a + 20. Suppose 0 = -5*y + 4*l - 2*l + 15, -l + 6 = 2*y. Let o(k) = k - 39. Let h(b) = y*o(b) + 5*f(b). What is h(-5)?
-7
Let q(z) be the second derivative of z**5/20 + z**4/3 - z**3/6 - 5*z**2/2 + z. Suppose -12*f + 3660 = 960. Let h be 5*10/f + 38/(-9). Calculate q(h).
-1
Let b(p) = -2*p**2 - 10*p + 9. Let r be 2*3/(42/(-49)). What is b(r)?
-19
Let k(x) = -x**3 - 15*x**2 + 34*x + 2. Suppose 0 = -17*g - 16*g + 261 - 822. Calculate k(g).
2
Let c(n) be the third derivative of n**4/24 + 5*n**3/3 - 11*n**2. Suppose 0 = 14*o - 15*o + 12. Suppose u = -u - o. Calculate c(u).
4
Let c(r) = -3*r**2 - 3*r - 3. Let d(f) = 18*f - 6*f + 13*f**2 - 5 + 23 - 6. Let i(y) = -9*c(y) - 2*d(y). Suppose -q - 4*w = 7, -20 = 5*q + 3*w + 2*w. Give i(q).
3
Let b(k) = -88 + 84 + 892*k + k**2 - 2*k**2 - 885*k. What is b(4)?
8
Let n(q) = 4*q - 46. Let u be (-1918)/(-180) - (-12)/(-216) - (-2)/5. What is n(u)?
-2
Let n(h) be the first derivative of h**3/3 + 7*h**2/2 - 13*h + 83. Let g be n(-8). Let z(t) = 1 - t - 3*t - 2 - t**2. Give z(g).
-6
Let q(x) = x**3 + 7*x**2 + 7*x + 2. Let m be (-1 - -5)*(32 - 33). Let z be -1 - ((-4 + 20)/m + 8). Calculate q(z).
17
Let p = 24 + -22. Let d be (189/9)/(p - 1). Let q be d*(0 - 4/(-14)). Let s(k) = k**3 - 5*k**2 - 6*k + 4. What is s(q)?
4
Let f(d) be the third derivative of 7*d**4/6 - 2*d**3/3 + 1703*d**2. Calculate f(3).
80
Let s(o) = -580*o + 1. Let c be s(0). Let n(a) = -31*a + 32. What is n(c)?
1
Let h(v) = v**2 + 11*v + 7. Let u(r) = -13 + 71 + 28*r - 25 - r**2 - 14. Let t be u(29). Calculate h(t).
-3
Let i = -7 + -6. Let b(l) = l**3 + 13*l**2 - l - 9. Let z be b(i). Let q(r) = 2*r. What is q(z)?
8
Let o(p) = 3*p - 40. Suppose 2*r - 46 = 2*l, 0 = -0*r - 3*r + 4*l + 78. What is o(r)?
2
Let p(w) = -16 - 25*w**2 + 5*w**2 + 12*w**2 - 79*w + w**2. Determine p(-11).
6
Let y(s) = -s**3 + 3*s + 3. Let j be y(-2). Let b(k) = 5*k**2 - k**2 - j*k**2 + 10 - 5*k. Let h(c) = -c**3 + 19*c**2 - 2*c + 31. Let p be h(19). Give b(p).
-4
Let j(v) = 11*v**3 + 12*v**2 + 3*v + 16. Let t(o) = -13*o**3 - 13*o**2 - 2*o - 18. Let d(r) = -6*j(r) - 5*t(r). Calculate d(-4).
-22
Let w(x) = 2*x**3 + 42*x**2 + 39*x - 23. Let u be w(-20). Let n be ((-3)/(-2))/(9/12). Let v(a) = 3 - 6*a + a + n*a + a. What is v(u)?
9
Suppose 0 = -3*w + 5*n + 16, 18 + 7 = 3*w + 4*n. Let g(a) = 7*a - 50. Calculate g(w).
-1
Let z(u) be the third derivative of u**6/120 - u**5/20 - 7*u**4/8 + 10*u**3/3 + 22*u**2 - 16*u. Calculate z(6).
2
Let f be 6/(-21) - (-216)/21. Let s(g) = -g**2 + 13*g - 13. Give s(f).
17
Let o(w) = w - 2 - 2 + 2 + 3*w. Let n(b) = -b**3 + 6*b**2 - 6*b - 1. Let r be n(5). Let h be 44/56*r + (-4)/14. Determine o(h).
-22
Let d(w) = 9 + 7*w - 1 + 2*w - 2. Let n(a) = 11*a + 6. Let q(j) = 5*d(j) - 4*n(j). What is q(0)?
6
Let n(v) = 1 + 4*v + 0 + 5 + 4 + 7. What is n(-5)?
-3
Let c(l) = 3*l - 9. Let s(a) = -2*a**3 + 6*a**2 + 3*a + 1. Suppose 87*p - 3 = 86*p. Let b be s(p). Calculate c(b).
21
Let q be ((-15)/(-4))/((-28)/(-112)). Let b(f) be the third derivative of -1/60*f**5 + 0 + q*f**2 + 0*f + 4/3*f**3 - 1/4*f**4. Calculate b(-7).
1
Let c(w) = -4*w**2 + 50*w - 171. Let q be c(5). Let b(s) = s**2 + 29*s + 158. Calculate b(q).
-10
Let k(m) = 2*m**2 - 2*m + 1. Let b = 167 + -367. Let f be (-1)/(-8) - 575/b. What is k(f)?
13
Let d(b) = b**3 - 6*b**2 + 16*b - 95. Let s be d(6). Let j(k) = -30*k**3 + 1. Determine j(s).
-29
Let j(p) be the second derivative of 0 - 77*p + 9/2*p**2 + 1/3*p**3. Determine j(-8).
-7
Let x(q) = -484*q + 484*q + 5*q**2 - 1 + 0 + 3*q**2. What is x(1)?
7
Let w(p) = 22*p - 174. Let t be w(8). Let y(n) = 2 - t*n - 143*n**2 + 137*n**2 - 3*n**3 + 4*n**3. Determine y(3).
-31
Let b(i) = 5*i + 1. Suppose 0*x - 34 = 17*x. Calculate b(x).
-9
Let n be 5/(-10) + (3 - 26/4). Let l(t) = -t**3 - t**2. Let g = -10 + 9. Let w(m) = 4*m**3 + 6*m**2 - 2*m. Let p(z) = g*w(z) - 3*l(z). Give p(n).
8
Let i = -4 - -40. Suppose -b = -10*b - i. Let y(v) = v**3 + 5*v**2 + 5*v + 6. Let a be y(b). Let l(g) = g**3 + 2*g**2 - 4*g + 2. Determine l(a).
10
Let g(m) = -m**2 - 9*m + 3. Let i(u) = -u + 1. Let h be i(10). Let c be g(h). Let p(a) be the first derivative of -a**4/4 + a**3/3 + 2*a**2 - a - 5. Give p(c).
-7
Let j(t) be the third derivative of 0 + 0*t + 4/3*t**3 + 7/24*t**4 + 6*t**2 - 1/60*t**5. Suppose -23*z + 94 = -67. What is j(z)?
8
Let r(d) = -9*d + 55. Let c be r(6). Let s(y) be the second derivative of -y**5/24 - 3*y**3/2 + 20*y. Let j(u) be the second derivative of s(u). What is j(c)?
-5
Let j(q) = 6*q - 79. Suppose 3*a + 119*l = 121*l + 32, -3*a + 34 = -l. Calculate j(a).
-7
Let q(i) = -13*i - 8. Let p be (-3)/(-1)*5*(-32)/480. Give q(p).
5
Let z(v) = 4*v**3 - 34*v**2 + 11*v + 37. Let c be z(8). Let y(i) = -25*i - 52. Calculate y(c).
23
Suppose 0 = -61*f + 16 + 15 - 336. Let s(p) be the second derivative of p**3/3 - p**2/2 - 2*p. Calculate s(f).
-11
Suppose 145 = 5*z + 265 - 150. Let c(a) = a**3 - 8*a**2 + 4*a + 15. What is c(z)?
-33
Let y(p) = p**2 - 1 + 4 - 4*p**2 - p**3 + 2*p**2 + 5*p. Let i(r) = r**3 + r**2 - 6*r - 4. Let o(v) = 2*i(v) + 3*y(v). Suppose -454 = 12*n - 430. Calculate o(n).
-1
Let i(o) = -o + 28. Let n be 1/(-6 - 481/(-78)). Calculate i(n).
22
Let z(r) = 82*r - 1. Let l(x) = 818*x. Let i(m) = -l(m) + 10*z(m). Determine i(-9).
-28
Let h(r) = -r**2 - r + 2. Let g be h(0). Suppose g*y = -4*y + 12. Let p(j) be the third derivative of j**5/20 - j**4/12 + 7*j**2. What is p(y)?
8
Let z(f) = f**2 + 9*f - 1. Let c = -88 - -97. Let d be 8*(-2)/(-8) - c. Determine z(d).
-15
Let k(b) = -b**2 + b + 13. Let z(f) = 17*f - 87. Let q(r) = -k(r) - z(r). Determine q(12).
2
Let q(r) = -r**3 + 12*r**2 - 12*r + 5. Let l = -31382 + 31392. Determine q(l).
85
Let i(m) = 3*m**2 - 1. Suppose 0 = -g + 12 - 8. Suppose -3*r = 16*x - 11*x + 23, x = -g. Give i(r).
2
Let p = 187 + -75. Let o = 106 - p. Let w(y) = y**3 + 6*y**2 - 2*y + 4. Calculate w(o).
16
Let n(j) = 4*j**2 + 72*j - 14. Let x be n(-18). Let d(l) = -l - 27. Let v(t) = 2*t + 59. Let c(k) = -7*d(k) - 3*v(k). Determine c(x).
-2
Suppose -24 = -12*v + 9*v. Suppose -28 = 2*d - 3*b, -v = 5*d - 5*b + 52. Let x(f) = -f**3 - 7*f**2 + 7*f + 1. Determine x(d).
9
Suppose 4*q + 16 = 8. Let o(l) = 3*l**2 + 29*l - 20. Let z(r) = 2*r**2 + 20*r - 14. Let f(p) = -9*o(p) + 13*z(p). What is f(q)?
-4
Let z(d) be the second derivative of d**5/20 - d**4/2 - 2*d**3/3 + 60*d + 38. Let p be (3/(-6))/(2/(-28)). What is z(p)?
21
Let p(o) = -4 - 15 + 2045*o - 33 - 2048*o. What is p(-14)?
-10
Let r(c) = -5*c + 5. Suppose -7 = -7*n + 7. Determine r(n).
-5
Let k(i) = 4*i + 5. Suppose -4*w - 2*z + 1299 = -559, -2315 = -5*w - z. Let v = w - 462. Give k(v).
5
Let s(y) = -10*y**2 - 11*y + 1. Let v be 4 + -8 + 2 + -7 + 7. Let n be s(v). Let m(z) = z**3 + 16*z**2 - 17*z + 4. What is m(n)?
4
Suppose -5*j - 80 = -5*x, -12*x + 13*x - 28 = 5*j. Let i(g) = g**3 - 14*g**2 + 12*g + 14. Give i(x).
1
Let h(q) = -3*q - 28. Suppose 5*k = -r + 7, -18*k + 20 = -4*r - 22*k. Give h(r).
-4
Let a(l) = 17*l - 2. Let n(j) = -3*j. Let g(x) = 2*a(x) + 11*n(x). Let z be g(-7). Let k(c) = c**2 + 11*c + 9. Determine k(z).
9
Suppose 14*k - k = 130. Suppose -d - k = p, 5*p + 2*d = -d - 40. Let o(n) = n**3 + 6*n**2 + 3*n - 8. Let m be o(p). Let w(t) = 7*t**2 - 3*t. Determine w(m).
22
Let z(d) = 4*d - 1. Let i be z(2). Let h(y) = -5*y + 21*y - 35*y**2 + 44*y**2 - 3. Let o(n) = -5*n**2 - 8*n + 2. Let x(r) = i*o(r) + 4*h(r). What is x(-7)?
-5
Let q(w) = -12*w**3 + 2*w**2 + 4*w - 2. Let y be q(1). Let c(t) = t**2 + 10*t + 3. What is c(y)?
-13
Let q(f) be the third derivative of -f**7/2520 + f**6/240 - f**5/40 - 6*f**4 + 4*f**2 - 20. Let c(l) be the second derivative of q(l). What is c(3)?
-3
Let w(i) = 11*i**2 - 9*i + 10. Let p(t) = -20*t**2 + 17*t - 19. Let s(k) = 6*p(k) + 11*w(k). Let b(h) = 2*h**2 - 6*h + 7. Let d be b(2). Calculate s(d).
14
Let w(d) = -2*d - 2. Let f(y) = y**3 + 4*y**2 - 3*y - 10. Let v be f(-4). Let x(g) = g**3 - 2*g**2 - 4*g + 11. Let h be x(v). Give w(h).
-8
Let a(k) be the second derivative of k**5/20 + 4*k**4/3 + 8*k**3/3 + 5*k**2/2 - 319*k. Suppose 4*w - 7 = 5*w - 2*l, -46 = 2*w + 4*l. What is a(w)?
-10
Let h(l) = l**2 - 10*l - 549. L